 10133011 (base 4) in base 11?
12893
-440013 (base 5) to base 12
-8828
Convert 23b9 (base 12) to base 15.
12d9
-799 (base 12) to base 7
-3165
Convert 10010011000001 (base 2) to base 7.
36301
-1112311 (base 5) to base 8
-46372
Convert -1012 (base 5) to base 8.
-204
-408 (base 13) to base 2
-1010101100
What is -404 (base 5) in base 16?
-68
Convert 12134 (base 7) to base 2.
110001011001
Convert -22524 (base 7) to base 4.
-1121313
What is 1623 (base 7) in base 14?
34a
Convert 11211122 (base 3) to base 14.
13dd
What is -101100001 (base 2) in base 9?
-432
Convert 1221110121 (base 3) to base 13.
14542
642d (base 15) to base 12
10321
10001111001110 (base 2) to base 3
110120111
Convert 301121 (base 4) to base 11.
2414
Convert 1110010101 (base 2) to base 10.
917
-10121211212 (base 3) to base 11
-49656
What is -2023 (base 5) in base 3?
-100202
What is -145045 (base 6) in base 12?
-8185
What is -45b (base 13) in base 7?
-2123
What is 3000103 (base 4) in base 5?
343212
30b (base 13) to base 5
4033
Convert -2358 (base 15) to base 11.
-5706
What is 1356 (base 7) in base 2?
1000010011
What is c03 (base 16) in base 14?
1199
What is 4853 (base 9) in base 7?
13350
6326 (base 8) to base 12
1a9a
-335 (base 7) to base 10
-173
-10001001001 (base 2) to base 4
-101021
What is -110 (base 5) in base 14?
-22
-401444 (base 5) to base 11
-9640
What is -13b5 (base 12) in base 11?
-17a9
344 (base 10) to base 7
1001
25116 (base 7) to base 14
257d
-c311 (base 14) to base 16
-82fb
10757 (base 9) to base 7
26635
What is 833 (base 9) in base 7?
1656
-2222213 (base 4) to base 9
-15872
What is -465 (base 14) in base 3?
-1012100
56174 (base 9) to base 6
444451
Convert 79a (base 15) to base 8.
3270
-3763 (base 9) to base 13
-1383
Convert 3021402 (base 5) to base 14.
1389a
56 (base 13) to base 2
1000111
Convert -10001111101 (base 2) to base 4.
-101331
3345 (base 6) to base 11
654
-746 (base 14) to base 9
-1863
What is -353 (base 11) in base 7?
-1141
Convert -175 (base 15) to base 9.
-412
101 (base 15) to base 9
271
Convert 211456 (base 7) to base 11.
25549
Convert 10123 (base 8) to base 15.
1389
Convert 236 (base 7) to base 3.
11122
What is -264 (base 11) in base 5?
-2222
What is -100201 (base 3) in base 15?
-127
What is 10002210 (base 3) in base 11?
1777
What is 1310 (base 6) in base 9?
406
What is -543 (base 10) in base 12?
-393
-460 (base 10) to base 3
-122001
-100010020 (base 3) to base 2
-1100111111000
-4479 (base 11) to base 6
-43142
Convert -1001010010000 (base 2) to base 10.
-4752
-210001110 (base 3) to base 16
-3bf4
Convert -210310 (base 4) to base 5.
-33411
Convert 72a (base 12) to base 16.
412
Convert -1002111 (base 3) to base 12.
-564
What is -1101110111 (base 2) in base 13?
-533
What is 22520 (base 6) in base 2?
110010010000
Convert -121120110 (base 3) to base 14.
-458d
7b4 (base 12) to base 16
478
Convert -4b7 (base 12) to base 8.
-1313
-1932 (base 15) to base 2
-1010101000111
-1368 (base 13) to base 11
-2107
What is 1074 (base 14) in base 10?
2846
What is 27aa (base 14) in base 5?
211020
-1811 (base 10) to base 13
-a94
2336 (base 8) to base 13
74b
Convert 10424 (base 7) to base 5.
40430
-21012202 (base 3) to base 6
-40202
What is 94d (base 14) in base 10?
1833
Convert -2212 (base 3) to base 12.
-65
What is -7d (base 16) in base 14?
-8d
What is -21221 (base 4) in base 14?
-321
What is -c6b (base 13) in base 7?
-6113
What is 100000 (base 5) in base 4?
300311
-230331 (base 5) to base 12
-4908
Convert -2041 (base 5) to base 12.
-1a7
What is 726 (base 11) in base 7?
2360
What is -1755 (base 12) in base 15?
-c6b
-512131 (base 6) to base 12
-1b647
Convert -110101001 (base 2) to base 9.
-522
What is 1201142 (base 5) in base 10?
22047
33d5 (base 14) to base 13
413b
3011 (base 4) to base 3
21022
Convert -7a1 (base 16) to base 14.
-9d7
102124 (base 5) to base 10
3414
What is -11101100100 (base 2) in base 11?
-1470
Convert 110011 (base 3) to base 15.
16d
Convert -240 (base 12) to base 4.
-11100
-1100101001001 (base 2) to base 14
-2505
Convert b9 (base 16) to base 4.
2321
1001000 (base 3) to base 4
23310
18775 (base 10) to base 5
1100100
5314 (base 8) to base 2
101011001100
What is -3173 (base 14) in base 8?
-20521
888 (base 9) to base 11
602
What is -7126 (base 8) in base 16?
-e56
What is 468 (base 9) in base 10?
386
-4052 (base 6) to base 14
-480
308 (base 14) to base 3
211002
What is 21713 (base 8) in base 3?
110120101
Convert -6202 (base 8) to base 2.
-110010000010
-35a (base 14) to base 2
-1010011100
Convert -31a8 (base 15) to base 16.
-290c
-15 (base 12) to base 16
-11
124 (base 9) to base 15
6d
What is -5400 (base 9) in base 3?
-12110000
What is 324351 (base 6) in base 11?
19256
Convert -1111111011 (base 2) to base 9.
-1352
Convert -2412 (base 11) to base 6.
-22343
869 (base 11) to base 7
3020
-482 (base 10) to base 8
-742
45007 (base 9) to base 3
1112000021
4112 (base 5) to base 4
20110
What is 457 (base 13) in base 2?
1011101100
-8b06 (base 14) to base 6
-303350
Convert 45043 (base 6) to base 4.
1202103
Convert -26b (base 12) to base 13.
-227
Convert -512132 (base 6) to base 4.
-21323120
Convert 1238 (base 12) to base 6.
13312
Convert -1111001110111101 (base 2) to base 4.
-33032331
What is -2b33 (base 13) in base 12?
-3787
Convert 1102141 (base 5) to base 16.
4a66
-224 (base 13) to base 15
-198
Convert -121020 (base 5) to base 12.
-273a
What is -9735 (base 10) in base 9?
-14316
What is 1232 (base 6) in base 4?
10310
-222220 (base 3) to base 10
-726
1764 (base 8) to base 16
3f4
Convert -292 (base 10) to base 16.
-124
What is -1b51 (base 14) in base 7?
-20331
What is -cfa9 (base 16) in base 10?
-53161
What is 235 (base 15) in base 13?
2c6
Convert -124004 (base 5) to base 13.
-22b4
5ba3 (base 16) to base 5
1222314
-11906 (base 11) to base 5
-1021232
-5510 (base 7) to base 13
-b84
What is -10110011 (base 2) in base 12?
-12b
1012513 (base 6) to base 3
2110122000
What is 1561 (base 8) in base 5?
12011
Convert 2000202 (base 3) to base 15.
688
-2277 (base 12) to base 5
-110320
-93 (base 13) to base 9
-143
What is -3113 (base 7) in base 15?
-4c8
3995 (base 11) to base 3
21010002
What is -12414 (base 6) in base 5?
-30012
What is 11111100010 (base 2) in base 14?
a42
-421 (base 13) to base 15
-31d
What is -1475 (base 15) in base 6?
-32145
-1020000 (base 3) to base 6
-4043
What is 19 (base 11) in base 3?
202
-26c3 (base 15) to base 12
-4963
12324 (base 5) to base 9
1281
5006 (base 14) to base 10
13726
-903 (base 15) to base 3
-2210010
10000010010 (base 2) to base 7
3016
-2365 (base 7) to base 8
-1560
102010 (base 3) to base 11
253
What is 547 (base 8) in base 9?
438
46540 (base 7) to base 12
6aa7
What is 27759 (base 11) in base 16?
9a56
1442 (base 7) to base 2
1000111001
Convert 166aa (base 11) to base 15.
6e4d
What is -3523 (base 11) in base 16?
-120f
What is 156251 (base 8) in base 10?
56489
What is -408 (base 11) in base 16?
-1ec
Convert 122155 (base 6) to base 2.
10101001110111
-cd (base 14) to base 3
-20201
Convert -212202 (base 6) to base 12.
-a062
What is -408 (base 10) in base 2?
-110011000
What is -203020 (base 6) in base 12?
-9470
What is 11321 (base 6) in base 4?
121201
What is 1103 (base 6) in base 5?
2010
What is -21a (base 11) in base 10?
-263
361 (base 11) to base 2
110101110
What is -6705 (base 10) in base 4?
-1220301
Convert 51232 (base 6) to base 4.
1222010
120201 (base 4) to base 15
6e9
Convert -11d (base 14) to base 2.
-11011111
Convert 1284 (base 15) to base 5.
111244
What is -454302 (base 6) in base 16?
-969e
What is 1110221 (base 3) in base 12?
75a
Convert -15377 (base 9) to base 11.
-79a3
What is -122101221 (base 3) in base 4?
-3012100
Convert -1222120100 (base 3) to base 8.
-114213
-10635 (base 10) to base 16
-298b
Convert 29c (base 14) to base 12.
382
Convert -4456 (base 8) to base 2.
-100100101110
What is -1485 (base 9) in base 16?
-46a
Convert 333 (base 7) to base 12.
123
7463 (base 8) to base 14
15bd
What is -3214 (base 6) in base 9?
-1001
What is -11d2b (base 16) in base 9?
-121124
122a1 (base 13) to base 7
166306
Convert 6d (base 16) to base 13.
85
-683 (base 13) to base 15
-4eb
3368 (base 14) to base 11
6772
Convert -1688 (base 11) to base 3.
-2221202
-1121221 (base 3) to base 16
-4a2
-1044000 (base 5) to base 8
-44301
-616 (base 7) to base 9
-371
Co